103
Convert -5 (base 9) to base 10.
-5
What is 4 (base 5) in base 14?
4
What is -21 (base 6) in base 7?
-16
Convert 2 (base 11) to base 9.
2
What is 13 (base 4) in base 6?
11
2 (base 12) to base 8
2
What is 50 (base 16) in base 10?
80
Convert 143 (base 7) to base 6.
212
Convert -20 (base 16) to base 14.
-24
8 (base 11) to base 4
20
Convert -13 (base 12) to base 6.
-23
What is 18e (base 15) in base 4?
11213
What is 2b (base 15) in base 14?
2d
Convert 16 (base 11) to base 10.
17
What is 22 (base 9) in base 8?
24
Convert 15 (base 7) to base 9.
13
-3 (base 12) to base 7
-3
What is -3113 (base 4) in base 16?
-d7
Convert 2 (base 7) to base 10.
2
33 (base 12) to base 16
27
What is 10 (base 5) in base 2?
101
6 (base 9) to base 2
110
6b (base 16) to base 9
128
Convert 201 (base 5) to base 16.
33
-11 (base 12) to base 9
-14
What is -8 (base 12) in base 6?
-12
12 (base 3) to base 5
10
What is -3 (base 14) in base 11?
-3
2123 (base 4) to base 10
155
Convert 11 (base 6) to base 7.
10
What is 12 (base 3) in base 5?
10
Convert 102 (base 3) to base 11.
10
-12 (base 6) to base 16
-8
Convert 0 (base 9) to base 4.
0
What is -11 (base 8) in base 6?
-13
Convert -100 (base 4) to base 16.
-10
What is -274 (base 12) in base 4?
-11320
What is e (base 15) in base 4?
32
What is 26 (base 9) in base 15?
19
-11 (base 5) to base 9
-6
Convert -344 (base 5) to base 8.
-143
-162 (base 7) to base 2
-1011101
4 (base 7) to base 11
4
-142 (base 9) to base 4
-1313
What is 10 (base 16) in base 13?
13
-2 (base 4) to base 3
-2
-155 (base 12) to base 16
-d1
What is -5d (base 16) in base 9?
-113
What is -4 (base 11) in base 15?
-4
What is 5 (base 16) in base 2?
101
-1011 (base 2) to base 13
-b
Convert 19 (base 10) to base 13.
16
1013 (base 4) to base 2
1000111
What is 1 (base 2) in base 3?
1
Convert 101 (base 2) to base 4.
11
What is 1 (base 14) in base 5?
1
35 (base 6) to base 9
25
What is 34 (base 8) in base 15?
1d
Convert 35 (base 10) to base 11.
32
What is -230 (base 4) in base 12?
-38
What is -1121 (base 3) in base 7?
-61
-2001 (base 3) to base 5
-210
What is -2 (base 10) in base 4?
-2
-1 (base 6) to base 4
-1
What is -19 (base 12) in base 13?
-18
What is 13a (base 11) in base 4?
2210
-2 (base 6) to base 15
-2
What is aa (base 11) in base 16?
78
What is -1 (base 13) in base 10?
-1
Convert 2 (base 11) to base 16.
2
What is -10000 (base 2) in base 12?
-14
Convert -5 (base 6) to base 9.
-5
3 (base 7) to base 6
3
What is -24 (base 11) in base 15?
-1b
-43 (base 8) to base 7
-50
Convert 1 (base 4) to base 12.
1
What is -6 (base 16) in base 2?
-110
What is 3 (base 14) in base 2?
11
-a (base 12) to base 5
-20
524 (base 7) to base 14
14b
What is 8 (base 16) in base 4?
20
Convert 15 (base 14) to base 4.
103
What is 17 (base 16) in base 3?
212
-144 (base 5) to base 16
-31
What is -6 (base 15) in base 11?
-6
Convert -1e (base 16) to base 7.
-42
-1 (base 2) to base 13
-1
What is 134 (base 5) in base 2?
101100
21 (base 3) to base 9
7
Convert -9 (base 13) to base 14.
-9
Convert -10110 (base 2) to base 4.
-112
-210 (base 11) to base 13
-166
-3 (base 9) to base 10
-3
What is -12 (base 6) in base 4?
-20
Convert 3 (base 7) to base 10.
3
1 (base 11) to base 15
1
b (base 15) to base 8
13
Convert -1 (base 3) to base 9.
-1
-9 (base 15) to base 5
-14
Convert 34 (base 12) to base 5.
130
What is 0 (base 7) in base 15?
0
What is -6c (base 13) in base 11?
-82
What is 101110 (base 2) in base 14?
34
Convert 22 (base 14) to base 7.
42
Convert 2 (base 5) to base 6.
2
2212 (base 3) to base 4
1031
Convert -3 (base 13) to base 15.
-3
-10100100 (base 2) to base 7
-323
27 (base 9) to base 6
41
What is 110 (base 2) in base 15?
6
210 (base 3) to base 13
18
Convert 4 (base 11) to base 14.
4
-38 (base 10) to base 7
-53
Convert -13 (base 7) to base 2.
-1010
What is 9a (base 13) in base 15?
87
What is 0 (base 5) in base 6?
0
What is 6 (base 13) in base 8?
6
-4 (base 10) to base 6
-4
Convert -3 (base 5) to base 12.
-3
What is 4 (base 15) in base 8?
4
Convert -1 (base 5) to base 13.
-1
What is 2 (base 4) in base 6?
2
What is b (base 14) in base 4?
23
Convert -2 (base 16) to base 15.
-2
What is -3333 (base 4) in base 16?
-ff
What is -1a (base 11) in base 2?
-10101
10 (base 2) to base 13
2
Convert 401 (base 6) to base 5.
1040
-100 (base 3) to base 6
-13
Convert -10 (base 15) to base 2.
-1111
Convert 4 (base 8) to base 11.
4
What is 133 (base 4) in base 13?
25
-79 (base 12) to base 7
-162
What is 0 (base 11) in base 9?
0
What is -22 (base 5) in base 13?
-c
Convert -412 (base 6) to base 9.
-178
What is -105 (base 13) in base 4?
-2232
-75 (base 9) to base 13
-53
-1251 (base 6) to base 2
-100111111
What is 4 (base 12) in base 2?
100
What is -100 (base 2) in base 4?
-10
30 (base 12) to base 11
33
What is c (base 14) in base 10?
12
Convert 11 (base 15) to base 3.
121
-1 (base 15) to base 14
-1
210 (base 13) to base 11
29a
1 (base 4) to base 16
1
Convert -1 (base 13) to base 16.
-1
What is 12 (base 11) in base 2?
1101
Convert 0 (base 12) to base 11.
0
What is 11 (base 7) in base 5?
13
Convert -33 (base 13) to base 5.
-132
21 (base 8) to base 11
16
What is 34 (base 15) in base 5?
144
Convert 50 (base 13) to base 4.
1001
1 (base 14) to base 11
1
-556 (base 7) to base 13
-190
What is -56 (base 13) in base 14?
-51
What is -345 (base 7) in base 8?
-264
What is -51 (base 10) in base 3?
-1220
What is -2 (base 3) in base 5?
-2
3 (base 11) to base 6
3
What is -1 (base 10) in base 3?
-1
31 (base 11) to base 13
28
Convert -4 (base 8) to base 13.
-4
Convert 46 (base 11) to base 13.
3b
What is 1210 (base 6) in base 15?
149
Convert 1324 (base 5) to base 3.
21221
What is 3 (base 9) in base 11?
3
Convert -2 (base 12) to base 2.
-10
What is 28 (base 14) in base 11?
33
What is 1 (base 2) in base 8?
1
What is -15 (base 9) in base 12?
-12
-2 (base 4) to base 6
-2
-337 (base 10) to base 12
-241
Convert 2 (base 3) to base 4.
2
0 (base 15) to base 10
0
35 (base 16) to base 15
38
-424 (base 6) to base 11
-136
-1a (base 11) to base 16
-15
What is -21 (base 12) in base 4?
-121
What is -1 (base 8) in base 10?
-1
What is -110 (base 2) in base 5?
-11
What is -4 (base 12) in base 8?
-4
What is -66 (base 8) in base 7?
-105
Convert -c8 (base 13) to base 6.
-432
-13 (base 13) to base 10
-16
Convert 1 (base 11) to base 15.
1
7 (base 12) to base 13
7
-1444 (base 5) to base 11
-207
What is 5 (base 6) in base 12?
5
What is 11 (base 2) in base 11?
3
312 (base 4) to base 2
110110
-7 (base 12) to base 5
-12
Convert -2 (base 3) to base 11.
-2
What is 2022 (base 3) in base 6?
142
Convert 6 (base 8) to base 15.
6
387 (base 9) to base 10
322
What is -b (base 15) in base 3?
-102
What is 1 (base 12) in base 14?
1
What is -1011 (base 2) in base 16?
-b
-2 (base 15) to base 11
-2
0 (base 16) to base 9
0
22 (base 3) to base 7
11
Convert -25 (base 7) to base 2.
-10011
Convert 4 (base 5) to base 8.
4
-100 (base 2) to base 15
-4
What is 203 (base 4) in base 7?
50
Convert 10000101 (base 2) to base 12.
b1
Convert -4 (base 16) to base 14.
-4
Convert -231 (base 5) to base 14.
-4a
Convert -2 (base 10) to base 12.
-2
Convert 108 (base 13) to base 4.
2301
-12 (base 6) to base 3
-22
What is 69 (base 10) in base 16?
45
-1 (base 7) to base 15
-1
Convert -9 (base 12) to base 8.
-11
Convert 0 (base 2) to base 15.
0
6 (base 14) to base 8
6
What is 3 (base 11) in base 12?
3
What is 1010 (base 2) in base 11?
a
-34 (base 7) to base 5
-100
Convert -4 (base 7) to base 14.
-4
What is -1121 (base 4) in base 8?
-131
Convert 144 (base 11) to base 7.
331
-2 (base 9) to base 2
-10
1 (base 7) to base 11
1
Convert 0 (base 7) to base 13.
0
Convert -18 (base 12) to base 13.
-17
22 (base 5) to base 13
c
-1111 (base 2) to base 11
-14
101 (base 2) to base 7
5
What is -1 (base 2) in base 4?
-1
What is 27 (base 9) in base 4?
121
Convert -8 (base 12) to base 16.
-8
-57 (base 12) to base 15
-47
What is 20 (base 8) in base 5?
31
What is 3 (base 10) in base 13?
3
2b (base 13) to base 7
52
What is 0 (base 6) in base 16?
0
-102 (base 5) to base 10
-27
What is 1 (base 9) in base 12?
1
-107 (base 8) to base 12
-5b
-3 (base 12) to base 11
-3
What is 53 (base 9) in base 6?
120
What is -12 (base 4) in base 2?
-110
72 (base 13) to base 7
162
20 (base 14) to base 4
130
What is -134 (base 5) in base 16?
-2c
Convert 0 (base 6) t